 0 = 4*f - 4*l - 68. What is the remainder when 35 is divided by f?
9
Suppose -2*z + 133 = 3. Calculate the remainder when z is divided by (-34)/(-3)*(-6)/(-4).
14
Let s = 74 + -59. What is the remainder when 85 is divided by s?
10
Suppose 3*b - 9 = 2*b. Let u = 139 + -132. What is the remainder when b is divided by u?
2
Suppose -4*r = -4*d - 56, -4*r + 51 = 3*d - 2*d. Calculate the remainder when 35 is divided by r.
9
Suppose 2*i + 5*v + 3 = 0, -2*i + 4*i = -3*v - 5. What is the remainder when (13/(-2))/(i/24) is divided by 10?
9
Let t(q) = -q + 7. Let d be t(4). Suppose 0 = -4*u - 4*f + 140, d*f = -2 - 13. Let m = 65 - u. Calculate the remainder when m is divided by 13.
12
Let l(z) = z**2 - z - 5. What is the remainder when 26 is divided by l(-3)?
5
Let j(a) = 4*a**2 + a. Let t be j(1). Suppose -l + 39 = t*y, 0*y + 5*l + 21 = 2*y. What is the remainder when 30 is divided by y?
6
Let n = -12 + 21. Suppose 2*w = -f + 9, -f + 9 = w - 0*w. Let y(a) = -a**2 + 12*a - 11. What is the remainder when y(f) is divided by n?
7
Suppose 17 = 2*j - 3*z + 5, -2*j = 3*z. Let o(n) = 3*n + 2. What is the remainder when 19 is divided by o(j)?
8
Let j = -25 - -30. What is the remainder when 188/10 + 3/15 is divided by j?
4
Let d be -1*9/6*-6. Let t(f) = -f**3 + 4*f**2 - 9 + 6*f - 4*f + 5*f**2 + f. Calculate the remainder when t(d) is divided by 10.
8
Let y = 148 - 92. Let z = -37 + y. What is the remainder when z is divided by 4?
3
Suppose 5*h + 2*u - 560 = 0, 3*u = -u + 20. Calculate the remainder when h is divided by 28.
26
Suppose 3*m + 0 = 72. Calculate the remainder when m is divided by (-1)/2 - (-38)/4.
6
Calculate the remainder when 57 is divided by 6*(4 - -5*2/(-15)).
17
Let m = -32 + 64. Calculate the remainder when 159 is divided by m.
31
What is the remainder when 3/((36/92)/3) is divided by 5?
3
Let c = -30 + 59. Suppose 5 + 45 = 5*u. What is the remainder when c is divided by u?
9
Suppose -1 = 2*t - 49. Calculate the remainder when 72 is divided by (-2 + -1)/(-3) + t.
22
Suppose 2*z = 4*m - 22, 4*m - 2*z - 2*z - 28 = 0. Let s(a) = a**2 + 2*a - 2. Suppose 0 = -2*v - 0*v + 24. Calculate the remainder when s(m) is divided by v.
10
Suppose -3*f + 59 = -2*v, 0 = -4*f + 9*v - 4*v + 88. Calculate the remainder when 66 is divided by f.
15
Suppose 5*b + 5*a = 35, -4*b - 2*a = -a - 13. Suppose -b*m + 141 - 17 = 0. What is the remainder when m is divided by 21?
20
Suppose o - 7 = 11. Let v(h) = 3*h**2 + 3*h + 4. What is the remainder when o is divided by v(-2)?
8
Let v(m) = m**3 + 7*m**2 + 8*m + 9. Let d be v(-7). Let k = 71 + d. What is the remainder when k is divided by 9?
6
Suppose 3*i - 14 = 16. Suppose 2*j + 2*j = 4*x - 32, 5*j + i = 0. Calculate the remainder when 11 is divided by x.
5
Suppose 0*u + 10 = u. Calculate the remainder when u is divided by ((-7)/(-28)*6)/((-1)/(-4)).
4
Suppose -9*m = -31 - 77. Let a = 0 + 3. Suppose 2*y = 5*b - 123, a*b - 3*y - 57 = -6*y. What is the remainder when b is divided by m?
11
Let b = 275 + -158. Calculate the remainder when b is divided by 33.
18
Calculate the remainder when 27 is divided by (-14)/(0 + -2)*1.
6
Let r = -24 + 18. Let a = 4 - r. What is the remainder when 17 is divided by a?
7
Suppose 8 = 3*x + x. Suppose 12 = 4*l, 0*y + 4*l - 110 = -x*y. Calculate the remainder when y is divided by 13.
10
Suppose -4*z + 7 = -1. Let g(w) = 9*w**2 - 3 + 4 - w**z. Calculate the remainder when 33 is divided by g(1).
6
Suppose 0 = 6*t - t - 940. Let g be 2/(-2 + 112/60). What is the remainder when g/25 - t/(-5) is divided by 10?
7
Suppose -5*j + 8 + 2 = 0. Let v(a) = a**3 - a**2 - 1. Let y be v(j). Suppose -y*h + 7 = -14. What is the remainder when 12 is divided by h?
5
Let a = -150 + 282. Let i = a + -94. Calculate the remainder when i is divided by 10.
8
Let m(l) = -2*l**2 - 2*l + 18. What is the remainder when (-2)/(-3) + (-211)/(-3) is divided by m(0)?
17
Let b(p) = -p**3 + 9*p**2 - 7*p - 4. Calculate the remainder when b(6) is divided by 16.
14
Let j = -21 - -139. Calculate the remainder when j is divided by 24.
22
Let z = -24 + 42. Let s = z - -34. Calculate the remainder when s is divided by ((-2)/(-5))/(5/225).
16
Let o(k) = k + 9. What is the remainder when 30 is divided by o(9)?
12
Let y be 504/7 + (-1)/1. Let t = -46 + y. Let i(n) = 2*n + 1. Calculate the remainder when t is divided by i(6).
12
Let d = -5 - -13. What is the remainder when 13 is divided by d?
5
Let s = 169 + -118. What is the remainder when s is divided by 14?
9
Suppose 5 = x - 6*g + g, 5*g + 20 = 4*x. Suppose -t - 1 + x = 0. Suppose 0 = -q - 3*l - 2*l + 5, 0 = 2*q + l - 19. What is the remainder when q is divided by t?
2
Let y(o) = o**3 - 10*o**2 + 7*o + 17. Let p be y(9). Calculate the remainder when 9 is divided by (0 + (-7 - -2))/p.
4
Let u = 146 + -136. What is the remainder when u is divided by 6?
4
Let z(y) = -5*y**2 - 5*y - 26. Let b(l) = 2*l**2 + 2*l + 9. Let f(v) = 8*b(v) + 3*z(v). Calculate the remainder when f(7) is divided by 17.
16
Let b(v) = 11*v**2 - 7*v + 7. What is the remainder when 382/18 - 2/9 is divided by b(1)?
10
Suppose -o + 17 = -3*w + 4*o, -4*w + o = 0. Suppose -3*g = 4*f + 3 + 4, -g = 5. Calculate the remainder when f is divided by w.
0
Suppose 0 = 5*g, j + 3*j - g = 96. Calculate the remainder when 94 is divided by j.
22
Let n(x) = -x + 5. Suppose -2*t + 35 = -p, 4*t + 4*p - 63 = -p. What is the remainder when t is divided by n(0)?
2
Let j = 16 + 1. Calculate the remainder when j is divided by ((-2)/(-1) - 5)*-2.
5
Let i(j) = j. Suppose -10 = -2*g - 5*d + 3*d, 0 = -4*g - 2*d + 24. What is the remainder when g is divided by i(2)?
1
Let l = -8 + 14. Calculate the remainder when 21 is divided by l.
3
Suppose -2*v = -0*p + 5*p - 41, -2*v = 4*p - 32. Calculate the remainder when 22 is divided by p.
4
Let j(u) = -2*u + 3. Let z be j(-5). Let w = 103 - 72. What is the remainder when w is divided by z + (-1 - (-1 - -2))?
9
Suppose 0 = -6*o + 3*o + 57. Let h = o - 6. Calculate the remainder when h is divided by 5.
3
Suppose -3*x - 3 = -3*w - 0*x, 2*x + 2 = -5*w. Suppose -5*v + 19 = -w*j + j, -v = -5*j + 69. What is the remainder when 41 is divided by j?
13
Suppose -3*o + 9 = 0, -2*p + 242 = 2*p + 2*o. Calculate the remainder when p is divided by 12.
11
What is the remainder when -2 + 36/14 - (-794)/7 is divided by 9?
6
Let v = -23 - -58. Calculate the remainder when v is divided by 12.
11
Suppose -3*v - 4*y - 13 = -0*v, 5*v - y = 9. Let s = -1 - -4. Suppose s*i - 8 + 2 = 0. Calculate the remainder when i is divided by v.
0
What is the remainder when (-2)/8 + 9/4 is divided by 1/(-2) + (-12)/(-8)?
0
Let c(s) = 2*s**2 - 3*s - 7. Let m(n) = -3*n**2 + 2*n + 8. Let z(b) = 4*c(b) + 3*m(b). Let v = -3 - -5. What is the remainder when z(-4) is divided by v?
0
Let a = -18 + 31. Suppose 2*v = 14 + 140. Let n = 114 - v. Calculate the remainder when n is divided by a.
11
Suppose 0 = 2*p - 7*p + 120. Let z(l) = l**3 + 13. Let f(t) = t**3 + 7*t**2 + 7*t + 6. Let n be f(-6). Calculate the remainder when p is divided by z(n).
11
Suppose -10*n = -9*n - 29. Calculate the remainder when 56 is divided by n.
27
Let s = 14 + -5. Calculate the remainder when ((-234)/(-45))/((-1)/(-5)) is divided by s.
8
Let h(q) = -q**3 - 12*q**2 + q + 12. Let o be h(-12). Suppose 3*c - 74 = 2*y, o = -4*c - 0*c + 5*y + 94. What is the remainder when c is divided by 14?
12
Suppose v = -0*v. Suppose g - 113 = -v*g. Suppose 3*l - 14 = -y + 12, 2*l = 5*y - g. Calculate the remainder when y is divided by 13.
10
Suppose 0 = -0*p + 5*p - 375. What is the remainder when p is divided by 20?
15
Let w = -18 - -11. Let r = -5 - w. Suppose -7 - 3 = -2*v. Calculate the remainder when v is divided by r.
1
Let f = -3 - -4. What is the remainder when (-2015)/(-45) + (-2)/(-9) is divided by (1*f*12)/1?
9
Calculate the remainder when (-18)/(2 - 5) - (-3)/(-3) is divided by 3.
2
Suppose -1 = -4*i + 15. Let f be ((-8)/6 + 0)*6. Let x = f + 11. What is the remainder when i is divided by x?
1
Let x(b) = b**2 - 4*b - 7. What is the remainder when x(8) is divided by 13?
12
Let j(n) = -53*n + 2. What is the remainder when j(-1) is divided by 29?
26
Let r be (3/(-3))/((-3)/78). What is the remainder when 412/r - 2/(-13) is divided by 9?
7
Let g(t) = 23*t**3 + 4*t**2 - t - 3. Calculate 